056 and 48.
16
Calculate the greatest common divisor of 65 and 26.
13
Calculate the highest common factor of 1659 and 28.
7
Calculate the highest common factor of 100 and 1100.
100
Calculate the greatest common factor of 217 and 93.
31
Calculate the highest common factor of 5110 and 292.
146
What is the highest common factor of 1600 and 832?
64
What is the highest common divisor of 48 and 236?
4
Calculate the highest common factor of 7 and 511.
7
What is the greatest common divisor of 64 and 92?
4
What is the highest common divisor of 23 and 6?
1
What is the highest common factor of 35 and 640?
5
Calculate the greatest common divisor of 18029 and 596.
149
What is the highest common factor of 1431 and 212?
53
Calculate the highest common factor of 495 and 160.
5
What is the highest common divisor of 441 and 16023?
147
What is the highest common divisor of 3312 and 48?
48
What is the greatest common divisor of 39964 and 582?
194
What is the greatest common factor of 365 and 949?
73
What is the greatest common factor of 150 and 850?
50
What is the highest common factor of 44 and 198?
22
What is the highest common factor of 7398 and 9?
9
What is the highest common divisor of 205 and 20?
5
Calculate the greatest common factor of 3582 and 72.
18
What is the greatest common factor of 1816 and 56?
8
Calculate the highest common factor of 824 and 32.
8
Calculate the greatest common factor of 730 and 30.
10
What is the highest common divisor of 6426 and 63?
63
What is the greatest common divisor of 4050 and 144?
18
What is the highest common divisor of 26 and 598?
26
What is the highest common factor of 2240 and 70?
70
What is the greatest common divisor of 2568 and 963?
321
Calculate the highest common divisor of 7 and 98.
7
What is the highest common factor of 891 and 33?
33
Calculate the greatest common factor of 209 and 95.
19
What is the highest common divisor of 220 and 3905?
55
What is the greatest common factor of 27324 and 88?
44
What is the greatest common factor of 96 and 372?
12
Calculate the highest common divisor of 319 and 29.
29
What is the greatest common divisor of 360 and 40?
40
Calculate the greatest common factor of 105 and 21.
21
Calculate the highest common factor of 5 and 10555.
5
What is the highest common divisor of 12133 and 11?
11
What is the highest common divisor of 27 and 183?
3
Calculate the greatest common divisor of 1 and 15.
1
Calculate the highest common divisor of 5 and 895.
5
What is the greatest common factor of 21 and 24?
3
What is the greatest common divisor of 88 and 638?
22
Calculate the highest common factor of 136 and 612.
68
Calculate the greatest common factor of 9 and 102.
3
What is the greatest common factor of 26 and 184?
2
What is the highest common factor of 60 and 340?
20
Calculate the greatest common factor of 2 and 256.
2
Calculate the greatest common factor of 7 and 469.
7
What is the highest common divisor of 221 and 1683?
17
What is the greatest common factor of 1035 and 90?
45
What is the greatest common divisor of 284 and 6958?
142
Calculate the greatest common divisor of 1026 and 24.
6
Calculate the greatest common factor of 306 and 12699.
153
Calculate the greatest common factor of 108 and 2304.
36
What is the highest common divisor of 11336 and 208?
104
Calculate the greatest common factor of 253 and 176.
11
What is the highest common factor of 108 and 294?
6
Calculate the greatest common factor of 561 and 4505.
17
What is the greatest common factor of 144 and 112?
16
What is the greatest common divisor of 41 and 1148?
41
What is the greatest common factor of 320 and 130?
10
Calculate the highest common factor of 1242 and 18.
18
What is the highest common factor of 110 and 715?
55
Calculate the highest common factor of 176 and 3256.
88
What is the highest common divisor of 60 and 615?
15
Calculate the greatest common divisor of 37 and 21127.
37
Calculate the highest common divisor of 16 and 976.
16
Calculate the greatest common divisor of 37 and 1147.
37
Calculate the highest common divisor of 10 and 1210.
10
What is the greatest common divisor of 874 and 46?
46
What is the greatest common divisor of 737 and 55?
11
Calculate the highest common factor of 96 and 1920.
96
What is the greatest common factor of 228 and 380?
76
Calculate the greatest common divisor of 171 and 18.
9
What is the greatest common factor of 594 and 621?
27
What is the greatest common factor of 10884 and 18?
6
Calculate the greatest common divisor of 11235 and 280.
35
Calculate the greatest common divisor of 27 and 2817.
9
What is the greatest common divisor of 5567 and 293?
293
What is the highest common factor of 8 and 2824?
8
What is the highest common divisor of 35530 and 38?
38
Calculate the greatest common divisor of 2013 and 1098.
183
What is the highest common factor of 50 and 650?
50
What is the greatest common divisor of 200 and 900?
100
Calculate the highest common divisor of 5144 and 8.
8
What is the highest common factor of 110 and 46310?
110
What is the greatest common factor of 51 and 8517?
51
What is the greatest common factor of 324 and 1116?
36
What is the highest common divisor of 35 and 85?
5
What is the greatest common factor of 130 and 30?
10
What is the highest common factor of 99 and 1661?
11
What is the greatest common factor of 8 and 4124?
4
Calculate the greatest common divisor of 109 and 30847.
109
Calculate the greatest common divisor of 87 and 9280.
29
Calculate the highest common divisor of 275 and 600.
25
What is the greatest common factor of 36615 and 15?
15
What is the greatest common divisor of 210 and 660?
30
Calculate the greatest common divisor of 38 and 1102.
38
What is the highest common factor of 12749 and 88?
11
Calculate the highest common divisor of 128 and 216.
8
Calculate the greatest common factor of 1248 and 1168.
16
Calculate the greatest common divisor of 155 and 651.
31
Calculate the greatest common divisor of 1496 and 68.
68
What is the highest common divisor of 206 and 2?
2
Calculate the greatest common divisor of 62 and 2.
2
What is the highest common factor of 24 and 464?
8
What is the greatest common factor of 608 and 2033?
19
What is the highest common divisor of 16 and 308?
4
What is the greatest common divisor of 468 and 48?
12
What is the greatest common factor of 93 and 10943?
31
What is the highest common factor of 903 and 21?
21
What is the highest common factor of 99 and 759?
33
What is the highest common divisor of 80 and 65?
5
What is the greatest common factor of 22 and 638?
22
What is the greatest common divisor of 2010 and 1230?
30
Calculate the greatest common divisor of 378 and 8946.
126
What is the greatest common factor of 1 and 152?
1
What is the highest common factor of 11 and 2?
1
Calculate the greatest common factor of 166 and 6723.
83
Calculate the greatest common factor of 375 and 21.
3
What is the highest common divisor of 2889 and 81?
27
Calculate the highest common divisor of 4 and 3316.
4
What is the highest common divisor of 74 and 7437?
37
What is the greatest common factor of 36 and 16404?
12
What is the greatest common divisor of 112 and 80?
16
What is the greatest common factor of 138 and 851?
23
Calculate the greatest common divisor of 30 and 16.
2
What is the highest common divisor of 245 and 7?
7
Calculate the greatest common factor of 21 and 483.
21
Calculate the highest common factor of 19 and 133.
19
Calculate the greatest common divisor of 73 and 219.
73
What is the greatest common divisor of 2183 and 413?
59
Calculate the highest common factor of 16 and 1952.
16
Calculate the highest common factor of 79 and 395.
79
Calculate the highest common factor of 21327 and 3.
3
What is the greatest common divisor of 79 and 1027?
79
Calculate the greatest common factor of 146 and 2263.
73
Calculate the greatest common factor of 760 and 40.
40
What is the highest common factor of 23617 and 209?
209
What is the greatest common divisor of 28 and 7623?
7
Calculate the highest common factor of 21804 and 138.
138
Calculate the greatest common factor of 1581 and 93.
93
What is the highest common factor of 54 and 48?
6
What is the greatest common divisor of 23510 and 10?
10
What is the greatest common factor of 26 and 7?
1
Calculate the gr